me number?
True
Is 755309 a composite number?
False
Is 34927 a composite number?
True
Is 99859 composite?
False
Is 24607 composite?
True
Is 61169 a prime number?
True
Is 426791 a composite number?
True
Is 364069 a composite number?
False
Is 22961 a prime number?
True
Is 4583 prime?
True
Is 4071017 a prime number?
True
Is 3296983 a composite number?
False
Is 5669 a prime number?
True
Is 1219497 prime?
False
Is 115711 prime?
False
Is 274145 a prime number?
False
Is 1397 a prime number?
False
Is 9753 a prime number?
False
Is 4062013 a prime number?
True
Is 18899 a prime number?
True
Is 19531 a composite number?
False
Is 69539 a prime number?
True
Is 9143 composite?
True
Is 12223 composite?
True
Is 381931 composite?
True
Is 403817 a composite number?
False
Is 12889 prime?
True
Is 16199 a composite number?
True
Is 1004935 prime?
False
Is 19619 a composite number?
True
Is 6629 prime?
False
Is 136763 a prime number?
False
Is 57899 a prime number?
True
Is 4987 a composite number?
False
Is 6037097 a composite number?
True
Is 688957 prime?
True
Is 130297 a composite number?
True
Is 135706 prime?
False
Is 39971 composite?
False
Is 658349 a prime number?
True
Is 656794 prime?
False
Is 44039 prime?
False
Is 575285 a prime number?
False
Is 2362 composite?
True
Is 115243 prime?
False
Is 6103 composite?
True
Is 248749 prime?
True
Is 1750479 prime?
False
Is 2413 a composite number?
True
Is 181499 a prime number?
True
Is 6227 a prime number?
False
Is 550427 a composite number?
False
Is 6469 prime?
True
Is 115827 prime?
False
Is 4729 a prime number?
True
Is 254593 a prime number?
True
Is 20803 a composite number?
True
Is 24997 prime?
False
Is 1705297 a composite number?
True
Is 1657 a prime number?
True
Is 181865 composite?
True
Is 95345 prime?
False
Is 13751 prime?
True
Is 470971 composite?
True
Is 3385699 prime?
True
Is 12899 composite?
False
Is 1172749 composite?
False
Is 3263471 composite?
False
Is 158611 a composite number?
False
Is 109937 prime?
True
Is 653 a prime number?
True
Is 51943 a prime number?
False
Is 16538 prime?
False
Is 36463 composite?
True
Is 30389 a composite number?
False
Is 117239 composite?
False
Is 390797 a prime number?
False
Is 558907 a prime number?
False
Is 2836781 a composite number?
False
Is 621697 a composite number?
False
Is 380659 prime?
False
Is 233069 a prime number?
True
Is 982 composite?
True
Is 4399 composite?
True
Is 4531 a composite number?
True
Is 22837 prime?
False
Is 255005 a composite number?
True
Is 40081 composite?
True
Is 20323 a composite number?
False
Is 211495 composite?
True
Is 465701 a prime number?
True
Is 210523 a prime number?
True
Is 476803 composite?
False
Is 6008381 a prime number?
True
Is 8795 a prime number?
False
Is 22511 a composite number?
False
Is 8791 a prime number?
False
Is 1388659 a prime number?
True
Is 12531 prime?
False
Is 2518 prime?
False
Is 8819 composite?
False
Is 359809 a composite number?
True
Is 9383 prime?
False
Is 3943 prime?
True
Is 59593 a prime number?
False
Is 9007 a prime number?
True
Is 36485 a prime number?
False
Is 75037 composite?
False
Is 2603 prime?
False
Is 18385 a prime number?
False
Is 281867 composite?
False
Is 6046 composite?
True
Is 2099 a prime number?
True
Is 49253 composite?
False
Is 2075287 composite?
True
Is 33257 prime?
False
Is 54737 prime?
False
Is 8285 composite?
True
Is 12521 a prime number?
False
Is 222773 composite?
False
Is 37483 a composite number?
False
Is 14471 composite?
True
Is 8633 a prime number?
False
Is 1975811 a composite number?
False
Is 28349 a prime number?
True
Is 479 composite?
False
Is 2437 composite?
False
Is 2203 a prime number?
True
Is 13139 prime?
False
Is 635 a prime number?
False
Is 4535 a composite number?
True
Is 5071 composite?
True
Is 397651 a prime number?
False
Is 1213 composite?
False
Is 314473 composite?
True
Is 5399 composite?
False
Is 75127 composite?
True
Is 145913 a composite number?
True
Is 37517 a prime number?
True
Is 77999 prime?
True
Is 2951 prime?
False
Is 18493 prime?
True
Is 2819 a prime number?
True
Is 1181 a prime number?
True
Is 23357 a composite number?
False
Is 6245 composite?
True
Is 1157 a prime number?
False
Is 175391 prime?
True
Is 24319 a prime number?
False
Is 1041983 a prime number?
True
Is 151661 a composite number?
True
Is 4377833 composite?
False
Is 16271 prime?
False
Is 26431 prime?
True
Is 72067 composite?
True
Is 6158 composite?
True
Is 208235 a composite number?
True
Is 1034767 a composite number?
False
Is 2568323 a prime number?
True
Is 56891 prime?
True
Is 690179 composite?
True
Is 786241 prime?
True
Is 4673 a composite number?
False
Is 24499 a prime number?
True
Is 12281 a prime number?
True
Is 154519 prime?
False
Is 505757 a composite number?
True
Is 165173 a prime number?
True
Is 12187 prime?
False
Is 28789 a composite number?
False
Is 43081 a composite number?
True
Is 31567 prime?
True
Is 182433 composite?
True
Is 818107 composite?
True
Is 5953 a prime number?
True
Is 185051 composite?
False
Is 528709 a composite number?
False
Is 12898 a composite number?
True
Is 229247 composite?
False
Is 10345 a prime number?
False
Is 28961 a prime number?
True
Is 2787689 a prime number?
True
Is 16183 prime?
True
Is 26905 a prime number?
False
Is 1328757 a prime number?
False
Is 1652347 composite?
False
Is 21269 a prime number?
True
Is 11146 composite?
True
Is 286393 prime?
True
Is 11549 prime?
True
Is 8513 a prime number?
True
Is 903179 a composite number?
False
Is 147629 a prime number?
True
Is 284423 composite?
False
Is 1187 composite?
False
Is 205043 composite?
False
Is 748289 composite?
True
Is 11147 prime?
False
Is 12531 composite?
True
Is 201821 composite?
False
Is 551581 composite?
False
Is 1178351 composite?
True
Is 1078643 a composite number?
False
Is 91079 composite?
False
Is 589681 composite?
False
Is 40387 a prime number?
True
Is 8803 a prime number?
True
Is 203793 prime?
False
Is 127369 a composite number?
True
Is 578083 a composite number?
True
Is 5359 composite?
True
Is 180517 composite?
True
Is 928437 a prime number?
False
Is 96891 a prime number?
False
Is 21559 prime?
True
Is 12646 prime?
False
Is 59333 a prime number?
True
Is 2073 a composite number?
True
Is 25841 a prime number?
True
Is 16729 composite?
False
Is 136447 a composite number?
False
Is 8791 prime?
False
Is 1193759 prime?
False
Is 6109 a prime number?
False
Is 4183 prime?
False
Is 9427 composite?
True
Is 120577 prime?
True
Is 79861 a prime number?
True
Is 69841 composite?
True
Is 96001 prime?
True
Is 6217 a prime number?
True
Is 521 prime?
True
Is 311153 prime?
True
Is 27673 prime?
True
Is 112699 a prime number?
False
Is 31793 a composite number?
False
Is 789 prime?
False
Is 421066 prime?
False
Is 103837 a composite number?
False
Is 551909 prime?
True
Is 298993 composite?
False
Is 88991 composite?
True
Is 691 prime?
True
Is 77587 a composite number?
False
Is 11293 prime?
False
Is 7830913 composite?
False
Is 55661 a composite number?
False
Is 219377 prime?
True
Is 9199 composite?
False
Is 91757 composite?
False
Is 736607 a composite number?
False
Is 21431 prime?
False
Is 1395283 composite?
False
Is 41773 composite?
True
Is 190687 prime?
False
Is 426301 prime?
True
Is 53027 a composite number?
True
Is 12451 prime?
True
Is 102397 a prime number?
True
Is 182171 a composite number?
True
Is 950578 a composite number?
True
Is 9791 composite?
False
Is 15049 a prime number?
False
Is 15671 a composite number?
False
Is 282343 prime?
False
Is 5182 a prime number?
False
Is 4821 prime?
False
Is 14727 prime?
False
Is 165639 prime?
False
Is 5039459 a composite number?
False
Is 221 composite?
True
Is 57887 a composite number?
True
Is 38113 a prime number?
True
Is 862 a composite number?
True
Is 180161 composite?
False
Is 4171 composite?
True
Is 709537 a composite number?
False
Is 790543 prime?
False
Is 2856227 prime?
False
Is 68945 composite?
True
Is 2017 composite?
False
Is 181711 composite?
False
Is 444517 a composite number?
False
Is 244003 a prime number?
True
Is 441157 composite?
False
Is 1135 a prime number?
False
Is 230765 a prime number?
False
Is 30029 a composite number?
False
Is 477149 a prime number?
True
Is 1234957 composite?
True
Is 17693 prime?
False
Is 3967 prime?
True
Is 9977 prime?
False
Is 421909 a prime number?
Fa